 b(i) = -7*i**2 - 3*i + 17. Let y be b(-7). Calculate the remainder when 27 is divided by (-8)/(-36) - y/45.
6
Suppose -4*k + k + 30 = 0. Let w = k + -1. Let b(i) = -i + 9. Calculate the remainder when b(-8) is divided by w.
8
Suppose 4*q + 4*o - 46 - 46 = 0, -3*q + 3*o = -81. Suppose 0 = 2*s - 11*s + 81. What is the remainder when q is divided by s?
7
Let l(g) = 5*g**2 - 9*g - 4. Calculate the remainder when 37 is divided by l(3).
9
Let a = 325 + -281. What is the remainder when a is divided by 3?
2
Let k(x) = x + 1 + x - 5*x + x**2 + 5*x - x**3. Let t be k(-1). Suppose -t - 14 = -5*o. Calculate the remainder when 10 is divided by o.
1
Let g be 6/(-27) - 4/(-18). Suppose -4 = -s - g*s. Calculate the remainder when 9 is divided by s/10*(-25)/(-5).
1
Suppose -2*w - 144 = -4*m + 116, -m + w + 66 = 0. Calculate the remainder when 193 is divided by m.
1
Let m(o) = -54*o + 17. What is the remainder when m(-4) is divided by 60?
53
Let d be 12/(-3) + (-20)/(-2). Suppose -2*o = 5*c - 34, -d*c + 2*o = -3*c - 30. Calculate the remainder when 21 is divided by c.
5
Let x(g) = -g**3 + 8*g**2 + 3*g - 10. Let z be x(8). What is the remainder when 127 is divided by (-534)/(-42) - (-4)/z?
10
Suppose -3*b + 28 - 1 = 0. Suppose x - 4*u + 76 = -3*x, -b = 3*u. Let a = x - -33. What is the remainder when 32 is divided by a?
10
Let t = -144 - -168. Calculate the remainder when t is divided by 6.
0
Let o = -109 - -112. Suppose -350 = -o*x - 3*u + 289, 5*u = x - 225. What is the remainder when x is divided by 24?
23
Let i(r) = 2*r**2 + 79*r - 274. Calculate the remainder when 28 is divided by i(-43).
1
Suppose -5*b + 111 + 321 = x, -b = -x - 90. Suppose 32*d - 198 = 21*d. What is the remainder when b is divided by d?
15
Suppose i + 4*j = 3*i - 2, 3*i - 23 = -4*j. Suppose -i*q + 4*q + 5*c = -10, c = 4*q - 59. Calculate the remainder when 27 is divided by q.
12
Suppose 7*g - 109 = 2*g + 4*k, k - 83 = -4*g. Suppose 1722*u - 1708*u = 1078. Calculate the remainder when u is divided by g.
14
Let r(v) = -v**2 + 9*v - 17. Let w be r(13). Let z = -51 - w. Calculate the remainder when 32 is divided by z.
14
Let c = -302 - -341. What is the remainder when c is divided by 34?
5
Suppose 2*p = p + 2*r + 117, 4*p = 5*r + 459. Calculate the remainder when p is divided by 6.
3
Let l(m) = m**3 - 3*m**2 - 4*m + 4. Let c be l(4). Suppose -z = 5*v - 23, -c*v - 5*z + 4 = -6. What is the remainder when 42 is divided by v?
2
Let b(j) = -j**3 + 8*j**2 - 16*j + 20. Calculate the remainder when 69 is divided by b(5).
9
Let p(m) = m**2 + 12*m + 37. Let b = 52 + -23. Suppose -t + b = -0*t. Calculate the remainder when t is divided by p(-3).
9
Let h = 131 + 45. Calculate the remainder when h is divided by 90.
86
Let x(d) = -d**3 - 12*d**2 + d - 19. Let f be x(-12). Let w = f - -55. Calculate the remainder when 47 is divided by w.
23
Suppose u - 9 = -2*u. Suppose 0 = 2*a - u*a + 20. Suppose h + 119 = 2*k, k + h = 4*k - 178. Calculate the remainder when k is divided by a.
19
Suppose -12*p - 75 + 303 = 4*q, 237 = 5*q + 3*p. What is the remainder when 133 is divided by q?
43
Suppose -3*r + 131 = -4*z, 4*r - 78 - 84 = -z. Suppose x + 7 = r. What is the remainder when x is divided by 18?
16
Suppose -4*m + 8 + 12 = 0. Suppose 3 = -q + 2*r, r = m*q - 9 - 21. Let a = 16 - q. What is the remainder when 26 is divided by a?
8
Let x be 10/(-1)*((-35)/(-10) + -7). Suppose -x = -5*g - 0. Calculate the remainder when 27 is divided by g.
6
Let t = 862 + -1345. Calculate the remainder when t/46*(34/(-6) - -1) is divided by 14.
7
Let m = 42 - -115. Calculate the remainder when m is divided by 72.
13
Suppose h + 252 = 5*v - 0*h, 5*h + 110 = 2*v. Suppose 3*o - v = o. Suppose -n - 4*n + o = 0. What is the remainder when 14 is divided by n?
4
Let r = 165 - 133. What is the remainder when 63 is divided by r?
31
Let q = -134 - -169. Calculate the remainder when 48 is divided by q.
13
Let r(h) = -43*h + 7 + 10 + 9*h - 9. Calculate the remainder when r(-1) is divided by 11.
9
Suppose -52 = -4*u - 4. Let c be 3*1/(u/20). Suppose -11 = -c*s + 29. Calculate the remainder when 22 is divided by s.
6
Suppose 2*h - 2 = 0, -3*w + h - 5*h = 17. Let r = w - -9. What is the remainder when r is divided by 2?
0
Suppose 0 = 4*p + 5*f - 74, p + 5*f - 7*f = 25. Let d(y) = 10*y**3 + 2*y**2 - 4*y + 2. Calculate the remainder when d(2) is divided by p.
19
Let f(w) = -14*w + 7. Calculate the remainder when f(-2) is divided by 10.
5
Let t = 605 - 479. What is the remainder when t is divided by 34?
24
Let k(m) = m**3 - 4*m**2 + 9*m + 4. Let s be (3*5/3)/1. What is the remainder when k(s) is divided by 26?
22
Let v(y) = 4*y - 42. What is the remainder when v(12) is divided by 1?
0
Let v = -507 - -536. What is the remainder when 111 is divided by v?
24
Let q = 281 + -229. Calculate the remainder when q is divided by 30.
22
Let f = -1912 - -2330. Calculate the remainder when f is divided by 42.
40
Let y = 187 + -181. What is the remainder when 166 is divided by y?
4
Suppose 9*q = 14*q - 75. Let w = q - 8. Calculate the remainder when 34 is divided by w.
6
Suppose 323 = 172*q - 153*q. What is the remainder when 508 is divided by q?
15
Suppose k + g - 4 = 0, -2*k = 33*g - 28*g - 11. Calculate the remainder when 142 is divided by k.
1
Suppose 4*i = -4*u - 0*u - 144, 3*i = u + 16. Let w = 39 + u. What is the remainder when w is divided by 6?
2
Let l(w) = w**2 + 8*w. Let y be l(-8). What is the remainder when 83 is divided by (-18 + y)/((-7)/((-98)/(-21)))?
11
Calculate the remainder when ((-16014)/(-136))/(3/4) is divided by 41.
34
Suppose -4*m - 3*f + 128 = 0, -3*m - f + 141 - 40 = 0. What is the remainder when 418 is divided by m?
33
Let w = 281 + -262. What is the remainder when 82 is divided by w?
6
Let j = 25 + -21. Suppose -s - 8 = -j*w, 2*w - 4*s + 4 = 4*w. Suppose w*f - 3*n - 51 = 2*n, -n - 55 = -2*f. Calculate the remainder when f is divided by 10.
8
Let m = 98 - 90. What is the remainder when 1/(-3)*-123 - -4 is divided by m?
5
Suppose 218 = -4*g + 9*g - 4*l, 0 = -4*g + 6*l + 180. What is the remainder when g is divided by 27?
15
Let f = -2907 + 2982. Calculate the remainder when 79 is divided by f.
4
Let n = -1783 + 2066. What is the remainder when 859 is divided by n?
10
Let l = -1 - -4. Suppose -l*h + 130 = 7. Calculate the remainder when h is divided by 18/2 + 460/92.
13
Let u = -873 + 1002. What is the remainder when u is divided by 45?
39
Let f = -16 - -47. Let j = 2 + 0. What is the remainder when f is divided by (-3)/j*22/(-3)?
9
Suppose -5*z + 9*z - 12 = 0. Suppose 2*b - 39 = -13. What is the remainder when b is divided by z?
1
What is the remainder when (-400 + -4)/(-4) + (-10 - -11) is divided by 19?
7
Let y(w) = 5*w**2 - 2*w - 3. Let x be y(-2). Let n = 26 - x. Suppose -f + 3*f - n*d = 213, -2*f = -d - 217. Calculate the remainder when f is divided by 28.
25
What is the remainder when 302 is divided by -1*(-4)/(148/(-76) + 2)?
74
What is the remainder when 397 + ((-9)/(-1) - 17) is divided by 14?
11
Suppose 2*f = 11*f - 99. Calculate the remainder when 53 is divided by f.
9
Calculate the remainder when 183 is divided by 4/(-18) + (-45)/324*-412.
12
Calculate the remainder when 12/(-3) + 68 + -4 + 1 is divided by 49.
12
Let v = 60 - 25. Suppose 3*h + 29 = v. Suppose -4 - 2 = -2*z - 4*d, 0 = -3*d + 3. Calculate the remainder when h is divided by z.
0
Let y(a) = 15*a**2 - a. Let s = 7387 + -7371. Calculate the remainder when y(-2) is divided by s.
14
Calculate the remainder when 135/(-90)*(397/(-3) + 1) is divided by 20.
17
Calculate the remainder when 116 is divided by ((-36)/30)/(((-6)/50)/1).
6
Let t(j) = 19*j + 22. Let i be t(-8). Let a = -120 - i. What is the remainder when a is divided by 7?
3
Let v = -144 + 221. What is the remainder when 148 is divided by v?
71
Let n = 18 - 19. Let l = n + 4. Calculate the remainder when 7 is divided by l.
1
Suppose 66 - 59 = k. Suppose 2*o = 4 - 18. What is the remainder when 51 is divided by ((-18)/k)/(2/o)?
6
Let z(l) = -33*l + 2. Let s(y) = -32*y + 2. Let c(o) = 6*s(o) - 5*z(o). What is the remainder when c(-1) is divided by 16?
13
What is the remainder when 176 is divided by (-96)/(-4) + 5 + 7?
32
Suppose 17*t = 12*t + 195. Suppose -543 + t = -8*y. What is the remainder when y is di